{"id":1107,"date":"2020-07-08T18:58:36","date_gmt":"2020-07-08T18:58:36","guid":{"rendered":"http:\/\/c2112278.ferozo.com\/?page_id=1107"},"modified":"2025-11-12T13:15:06","modified_gmt":"2025-11-12T13:15:06","slug":"universidades","status":"publish","type":"page","link":"https:\/\/terapia-ocupacional.org.ar\/?page_id=1107","title":{"rendered":"Universidades"},"content":{"rendered":"\t\t<div data-elementor-type=\"wp-post\" data-elementor-id=\"1107\" class=\"elementor elementor-1107\">\n\t\t\t\t\t\t<section class=\"elementor-section elementor-top-section elementor-element elementor-element-b36a643 elementor-section-content-top elementor-section-boxed elementor-section-height-default elementor-section-height-default\" data-id=\"b36a643\" data-element_type=\"section\">\n\t\t\t\t\t\t\t<div class=\"elementor-background-overlay\"><\/div>\n\t\t\t\t\t\t\t<div class=\"elementor-container elementor-column-gap-no\">\n\t\t\t\t\t<div class=\"elementor-column elementor-col-100 elementor-top-column elementor-element elementor-element-1b275e7\" data-id=\"1b275e7\" data-element_type=\"column\">\n\t\t\t<div class=\"elementor-widget-wrap elementor-element-populated\">\n\t\t\t\t\t\t<div class=\"elementor-element elementor-element-b39df8f elementor-widget elementor-widget-heading\" data-id=\"b39df8f\" data-element_type=\"widget\" data-widget_type=\"heading.default\">\n\t\t\t\t<div class=\"elementor-widget-container\">\n\t\t\t<h1 class=\"elementor-heading-title elementor-size-default\">Universidades<\/h1>\t\t<\/div>\n\t\t\t\t<\/div>\n\t\t\t\t\t<\/div>\n\t\t<\/div>\n\t\t\t\t\t<\/div>\n\t\t<\/section>\n\t\t\t\t<section class=\"elementor-section elementor-top-section elementor-element elementor-element-6da6f35f elementor-section-boxed elementor-section-height-default elementor-section-height-default\" data-id=\"6da6f35f\" data-element_type=\"section\" data-settings=\"{&quot;background_background&quot;:&quot;classic&quot;}\">\n\t\t\t\t\t\t<div class=\"elementor-container elementor-column-gap-default\">\n\t\t\t\t\t<div class=\"elementor-column elementor-col-100 elementor-top-column elementor-element elementor-element-7ae4e2f6\" data-id=\"7ae4e2f6\" data-element_type=\"column\">\n\t\t\t<div class=\"elementor-widget-wrap elementor-element-populated\">\n\t\t\t\t\t\t<section class=\"elementor-section elementor-inner-section elementor-element elementor-element-1d1b2901 elementor-section-boxed elementor-section-height-default elementor-section-height-default\" data-id=\"1d1b2901\" data-element_type=\"section\">\n\t\t\t\t\t\t<div class=\"elementor-container elementor-column-gap-default\">\n\t\t\t\t\t<div class=\"elementor-column elementor-col-100 elementor-inner-column elementor-element elementor-element-1be2b88b\" data-id=\"1be2b88b\" data-element_type=\"column\" data-settings=\"{&quot;background_background&quot;:&quot;classic&quot;}\">\n\t\t\t<div class=\"elementor-widget-wrap elementor-element-populated\">\n\t\t\t\t\t\t<div class=\"elementor-element elementor-element-373d274c elementor-widget__width-inherit elementor-widget elementor-widget-wp-widget-bsearch_search_box\" data-id=\"373d274c\" data-element_type=\"widget\" data-widget_type=\"wp-widget-bsearch_search_box.default\">\n\t\t\t\t<div class=\"elementor-widget-container\">\n\t\t\t\n\t<div class=\"bsearch-form-container\">\n\t\t<form role=\"search\" method=\"get\" class=\"bsearchform\" action=\"https:\/\/terapia-ocupacional.org.ar\/\">\n\t\t\t<div class=\"bsearch-form-search-field\">\n\t\t\t\t<span class=\"screen-reader-text\">Buscar:<\/span>\n\t\t\t\t<input type=\"search\" class=\"bsearch-field search-field\" placeholder=\"Buscar &hellip;\" value=\"\" name=\"s\" \/>\n\t\t\t<\/div>\n\t\t\t\n\t\t\t<input type=\"submit\" class=\"bsearch-submit searchsubmit search-submit\" value=\"Buscar\" \/>\n\t\t<\/form>\n\t<\/div>\n\t\t\t<\/div>\n\t\t\t\t<\/div>\n\t\t\t\t\t<\/div>\n\t\t<\/div>\n\t\t\t\t\t<\/div>\n\t\t<\/section>\n\t\t\t\t\t<\/div>\n\t\t<\/div>\n\t\t\t\t\t<\/div>\n\t\t<\/section>\n\t\t\t\t<section class=\"elementor-section elementor-top-section elementor-element elementor-element-0f21f6d elementor-section-content-middle elementor-section-boxed elementor-section-height-default elementor-section-height-default\" data-id=\"0f21f6d\" data-element_type=\"section\" data-settings=\"{&quot;background_background&quot;:&quot;classic&quot;}\">\n\t\t\t\t\t\t\t<div class=\"elementor-background-overlay\"><\/div>\n\t\t\t\t\t\t\t<div class=\"elementor-container elementor-column-gap-no\">\n\t\t\t\t\t<div class=\"elementor-column elementor-col-100 elementor-top-column elementor-element elementor-element-7e7427c\" data-id=\"7e7427c\" data-element_type=\"column\">\n\t\t\t<div class=\"elementor-widget-wrap elementor-element-populated\">\n\t\t\t\t\t\t<section class=\"elementor-section elementor-inner-section elementor-element elementor-element-ff168b4 elementor-section-boxed elementor-section-height-default elementor-section-height-default\" data-id=\"ff168b4\" data-element_type=\"section\">\n\t\t\t\t\t\t<div class=\"elementor-container elementor-column-gap-default\">\n\t\t\t\t\t<div class=\"elementor-column elementor-col-100 elementor-inner-column elementor-element elementor-element-a2e6bed\" data-id=\"a2e6bed\" data-element_type=\"column\">\n\t\t\t<div class=\"elementor-widget-wrap elementor-element-populated\">\n\t\t\t\t\t\t<div class=\"elementor-element elementor-element-1f43721 elementor-widget elementor-widget-text-editor\" data-id=\"1f43721\" data-element_type=\"widget\" data-widget_type=\"text-editor.default\">\n\t\t\t\t<div class=\"elementor-widget-container\">\n\t\t\t\t\t\t\t<p>La Carrera de Licenciatura de Terapia Ocupacional es una carrera de grado universitario que se dicta en universidades nacionales de gesti\u00f3n estatal y privada en las siguientes unidades acad\u00e9micas:<\/p><ul><li><h4><strong>\u00a0Universidades de gesti\u00f3n estatal:<\/strong><\/h4>1. Universidad de Buenos Aires (UBA)- Facultad de Psicolog\u00eda- Sede Mart\u00ednez \u2013 Prov. Buenos Aires. Coordinadora Lic. TO Mar\u00eda Laura Bustingorri. CARRERA MONITOREADA POR LA FEDERACI\u00d3N MUNDIAL DE TERAPEUTAS OCUPACIONALES (WFOT) A\u00d1O: 2007-2023<br \/>2. Universidad Nacional de San Mart\u00edn (UNSAM)- Instituto de Ciencias de la Rehabilitaci\u00f3n y el Movimiento \u2013 Ciudad de Buenos Aires. a\/c Lic. Claudia Aberbuj CARRERA MONITOREADA POR LA FEDERACI\u00d3N MUNDIAL DE TERAPEUTAS OCUPACIONALES (WFOT) A\u00d1O: 2007-2014<br \/>3. Universidad Nacional de Villa Mar\u00eda (UNVM)- Ciudad de Villa Mar\u00eda- Prov. de C\u00f3rdoba. Directora: Lic. TO Ana Heredia. CARRERA MONITOREADA POR LA FEDERACI\u00d3N MUNDIAL DE TERAPEUTAS OCUPACIONALES (WFOT) A\u00d1O: 2019-2026<br \/>4. Universidad Nacional de La Rioja (UNLaR)- Departamento Acad\u00e9mico de Ciencias de la Salud y de la Educaci\u00f3n- Ciudad de la Rioja- Prov. de la Rioja. Directora: Lic. TO Karina Romero. CARRERA MONITOREADA POR LA FEDERACI\u00d3N MUNDIAL DE TERAPEUTAS OCUPACIONALES (WFOT) A\u00d1O: 2000-2007<br \/>5. Universidad Nacional de Mar del Plata (UNMdP)- Facultad de Ciencias de la Salud y Trabajo Social- Carrera de Licenciatura en TO- Mar del Plata- Prov. de Buenos Aires. Directora de Departamento Pedag\u00f3gico de Terapia Ocupacional: Mg. Julia Xifra. CARRERA MONITOREADA POR LA FEDERACI\u00d3N MUNDIAL DE TERAPEUTAS OCUPACIONALES (WFOT) A\u00d1O: 2010-2014.<br \/>6. Universidad Nacional de Quilmes (UNQ)- Departamento de Ciencias Sociales \u2013 Bernal- Prov. de Buenos Aires. Directora. Lic. TO Leandro Guille. CARRERA MONITOREADA POR LA FEDERACI\u00d3N MUNDIAL DE TERAPEUTAS OCUPACIONALES (WFOT) A\u00d1O: 2017- 2023.<br \/>7. Universidad Nacional del Litoral (UNL)- Facultad de Bioqu\u00edmica y Ciencias Biol\u00f3gicas- Carrera de Licenciatura en TO. Ciudad de Santa Fe- Prov. de Santa Fe. \u2013 Directora: Lic. TO Cecilia Serra CARRERA MONITOREADA POR LA FEDERACI\u00d3N MUNDIAL DE TERAPEUTAS OCUPACIONALES (WFOT) A\u00d1O: 2007-2014.<br \/>8. Universidad de Chubut (UDC). Carrera de Licenciatura en TO. Ciudad de Esquel. Prov. de Chubut. \u2013 Directora: Ingrid RUSCITTI<\/li><\/ul><p>\u00a0<\/p><ul><li><h4><strong>\u00a0Universidades de gesti\u00f3n privada:<\/strong><\/h4><\/li><li><p>1. Universidad del Salvador- Facultad de Medicina (USal)- Ciudad de Buenos Aires. Directora: Lic. TO Norma Rivero. CARRERA MONITOREADA POR LA FEDERACI\u00d3N MUNDIAL DE TERAPEUTAS OCUPACIONALES (WFOT) A\u00d1O: 2000-2007<br \/>2. Universidad Abierta Americana (UAI) Facultad de Psicolog\u00eda- Sede Ciudad de Buenos Aires. Directora. Lic. TO Paula Arias. Sede Ciudad de Rosario \u2013Prov. de Santa Fe. Lic. TO Mar\u00eda Rita Morales. CARRERA MONITOREADA POR LA FEDERACI\u00d3N MUNDIAL DE TERAPEUTAS OCUPACIONALES (WFOT) A\u00d1O: 2017-2024.<br \/>3. Universidad Cat\u00f3lica (UCALP)- Facultad de Medicina- Sede Ciudad de La Plata- Prov. de Buenos Aires. Directora: Lic. TO Silvina De Marzo. Sede Bah\u00eda Blanca \u2013 Prov. de Buenos Aires. Directora Lic. TO Paula Giorgietti.<br \/>4. Universidad del Norte Santo Tom\u00e1s de Aquino (UNSTA)- Facultad de Ciencias de la Salud- Ciudad de Tucum\u00e1n- Prov. de Tucum\u00e1n. Directora: Lic. TO Ada Pucheta.<br \/>5. Universidad Nacional Juan Agust\u00edn Maza (UMaza)- Facultad de Kinesiolog\u00eda y Fisioterapia \u2013 Ciudad de Mendoza- Prov. de Mendoza. Directora: Lic. TO M\u00f3nica Levcovich. Extensi\u00f3n A\u00falica: San Rafael (Prov. de Mendoza).<br \/>6. Universidad Cat\u00f3lica de C\u00f3rdoba. Facultad de Medicina \u2013 Ciudad de C\u00f3rdoba- Prov. de C\u00f3rdoba. Coordinadoras: Lic. TO Mar\u00eda Laura Frutos <br \/>7. Universidad Cat\u00f3lica de Salta. Escuela Universitaria de Ciencias de la Salud \u2013 Ciudad de Salta-Prov. de Salta. Coordinaci\u00f3n: Lic. TO Lis Serradell<br \/>8. Universidad Cat\u00f3lica de Cuyo. Facultad de Ciencias M\u00e9dicas \u2013 Ciudad de San Juan \u2013 Prov. de San Juan. Coordinadora: Lic. TO Carla Fuentes<br \/>9. Universidad Cat\u00f3lica de Santa Fe. Facultad Ciencias de la Salud- Ciudad de Santa Fe y sedes en Rafaela y Reconquista- Prov. de Santa Fe. Coordinadora: Lic. TO Elizabeth Gazziano.<br \/>10. Universidad ISalud. Facultad de Ciencias de la Salud \u2013 Ciudad Aut\u00f3noma de Bs. As. Directora: Lic. TO Fernando P\u00e9rez<br \/>11. Universidad Gast\u00f3n Dachary. Departamento de Ciencias de la Salud \u2013 Posadas \u2013 Misiones \u2013 Sede en Ober\u00e1 \u2013 Coordinadora: Lic. TO Sandra Boyesuck<br \/>12. Pontificia Universidad Cat\u00f3lica Argentina (UCA). Facultad de Psicolog\u00eda y Psicopedagog\u00eda. Sede Ciudad de Buenos Aires. Directora: Mg. Mariel Pellegrini. Sede Paran\u00e1. Prov. De Entre R\u00edos. Lic. TO Betina Zuttion.<\/p><\/li><\/ul><p>Para mayor informaci\u00f3n en relaci\u00f3n al reconocimiento, habilitaci\u00f3n y validez nacional de los t\u00edtulos\u00a0 en Terapia Ocupacional y les sugerimos consultar la siguiente p\u00e1gina web del Ministerio de Educaci\u00f3n de la Naci\u00f3n: <a href=\"http:\/\/www.me.gov.ar\/spu\/titulosoficiales\">http:\/\/www.me.gov.ar\/spu\/titulosoficiales<\/a><\/p>\t\t\t\t\t\t<\/div>\n\t\t\t\t<\/div>\n\t\t\t\t\t<\/div>\n\t\t<\/div>\n\t\t\t\t\t<\/div>\n\t\t<\/section>\n\t\t\t\t\t<\/div>\n\t\t<\/div>\n\t\t\t\t\t<\/div>\n\t\t<\/section>\n\t\t\t\t<section class=\"elementor-section elementor-top-section elementor-element elementor-element-69d09c61 elementor-section-boxed elementor-section-height-default elementor-section-height-default\" data-id=\"69d09c61\" data-element_type=\"section\" data-settings=\"{&quot;background_background&quot;:&quot;classic&quot;}\">\n\t\t\t\t\t\t<div class=\"elementor-container elementor-column-gap-no\">\n\t\t\t\t\t<div class=\"elementor-column elementor-col-100 elementor-top-column elementor-element elementor-element-27ba89b2\" data-id=\"27ba89b2\" data-element_type=\"column\">\n\t\t\t<div class=\"elementor-widget-wrap elementor-element-populated\">\n\t\t\t\t\t\t<div class=\"elementor-element elementor-element-47ec7c8d elementor-widget elementor-widget-heading\" data-id=\"47ec7c8d\" data-element_type=\"widget\" data-widget_type=\"heading.default\">\n\t\t\t\t<div class=\"elementor-widget-container\">\n\t\t\t<h2 class=\"elementor-heading-title elementor-size-default\">Algunos de los colegios y Asociaciones<\/h2>\t\t<\/div>\n\t\t\t\t<\/div>\n\t\t\t\t<div class=\"elementor-element elementor-element-12d6a197 elementor-arrows-position-outside elementor-widget elementor-widget-image-carousel\" data-id=\"12d6a197\" data-element_type=\"widget\" data-settings=\"{&quot;slides_to_show&quot;:&quot;6&quot;,&quot;slides_to_scroll&quot;:&quot;1&quot;,&quot;navigation&quot;:&quot;arrows&quot;,&quot;image_spacing_custom&quot;:{&quot;unit&quot;:&quot;px&quot;,&quot;size&quot;:15,&quot;sizes&quot;:[]},&quot;slides_to_show_tablet&quot;:&quot;4&quot;,&quot;slides_to_show_mobile&quot;:&quot;3&quot;,&quot;autoplay&quot;:&quot;yes&quot;,&quot;pause_on_hover&quot;:&quot;yes&quot;,&quot;pause_on_interaction&quot;:&quot;yes&quot;,&quot;autoplay_speed&quot;:5000,&quot;infinite&quot;:&quot;yes&quot;,&quot;speed&quot;:500,&quot;image_spacing_custom_tablet&quot;:{&quot;unit&quot;:&quot;px&quot;,&quot;size&quot;:&quot;&quot;,&quot;sizes&quot;:[]},&quot;image_spacing_custom_mobile&quot;:{&quot;unit&quot;:&quot;px&quot;,&quot;size&quot;:&quot;&quot;,&quot;sizes&quot;:[]}}\" data-widget_type=\"image-carousel.default\">\n\t\t\t\t<div class=\"elementor-widget-container\">\n\t\t\t\t\t<div class=\"elementor-image-carousel-wrapper swiper\" dir=\"ltr\">\n\t\t\t<div class=\"elementor-image-carousel swiper-wrapper swiper-image-stretch\" aria-live=\"off\">\n\t\t\t\t\t\t\t\t<div class=\"swiper-slide\" role=\"group\" aria-roledescription=\"slide\" aria-label=\"1 de 6\"><figure class=\"swiper-slide-inner\"><img decoding=\"async\" class=\"swiper-slide-image\" src=\"https:\/\/terapia-ocupacional.org.ar\/wp-content\/uploads\/2020\/05\/slider1.png\" alt=\"slider1\" \/><\/figure><\/div><div class=\"swiper-slide\" role=\"group\" aria-roledescription=\"slide\" aria-label=\"2 de 6\"><figure class=\"swiper-slide-inner\"><img decoding=\"async\" class=\"swiper-slide-image\" src=\"https:\/\/terapia-ocupacional.org.ar\/wp-content\/uploads\/2020\/05\/slider2.jpg\" alt=\"slider2\" \/><\/figure><\/div><div class=\"swiper-slide\" role=\"group\" aria-roledescription=\"slide\" aria-label=\"3 de 6\"><figure class=\"swiper-slide-inner\"><img decoding=\"async\" class=\"swiper-slide-image\" src=\"https:\/\/terapia-ocupacional.org.ar\/wp-content\/uploads\/2020\/05\/slider3.jpg\" alt=\"slider3\" \/><\/figure><\/div><div class=\"swiper-slide\" role=\"group\" aria-roledescription=\"slide\" aria-label=\"4 de 6\"><figure class=\"swiper-slide-inner\"><img decoding=\"async\" class=\"swiper-slide-image\" src=\"https:\/\/terapia-ocupacional.org.ar\/wp-content\/uploads\/2020\/05\/slider4.png\" alt=\"slider4\" \/><\/figure><\/div><div class=\"swiper-slide\" role=\"group\" aria-roledescription=\"slide\" aria-label=\"5 de 6\"><figure class=\"swiper-slide-inner\"><img decoding=\"async\" class=\"swiper-slide-image\" src=\"https:\/\/terapia-ocupacional.org.ar\/wp-content\/uploads\/2020\/05\/slider5.jpg\" alt=\"slider5\" \/><\/figure><\/div><div class=\"swiper-slide\" role=\"group\" aria-roledescription=\"slide\" aria-label=\"6 de 6\"><figure class=\"swiper-slide-inner\"><img decoding=\"async\" class=\"swiper-slide-image\" src=\"https:\/\/terapia-ocupacional.org.ar\/wp-content\/uploads\/2020\/05\/slider6.png\" alt=\"slider6\" \/><\/figure><\/div>\t\t\t<\/div>\n\t\t\t\t\t\t\t\t\t\t\t\t<div class=\"elementor-swiper-button elementor-swiper-button-prev\" role=\"button\" tabindex=\"0\">\n\t\t\t\t\t\t<i aria-hidden=\"true\" class=\"eicon-chevron-left\"><\/i>\t\t\t\t\t<\/div>\n\t\t\t\t\t<div class=\"elementor-swiper-button elementor-swiper-button-next\" role=\"button\" tabindex=\"0\">\n\t\t\t\t\t\t<i aria-hidden=\"true\" class=\"eicon-chevron-right\"><\/i>\t\t\t\t\t<\/div>\n\t\t\t\t\n\t\t\t\t\t\t\t\t\t<\/div>\n\t\t\t\t<\/div>\n\t\t\t\t<\/div>\n\t\t\t\t\t<\/div>\n\t\t<\/div>\n\t\t\t\t\t<\/div>\n\t\t<\/section>\n\t\t\t\t<section class=\"elementor-section elementor-inner-section elementor-element elementor-element-78d7f5ae elementor-section-content-middle elementor-section-boxed elementor-section-height-default elementor-section-height-default\" data-id=\"78d7f5ae\" data-element_type=\"section\">\n\t\t\t\t\t\t<div class=\"elementor-container elementor-column-gap-no\">\n\t\t\t\t\t<div class=\"elementor-column elementor-col-100 elementor-inner-column elementor-element elementor-element-e21936a\" data-id=\"e21936a\" data-element_type=\"column\" data-settings=\"{&quot;background_background&quot;:&quot;classic&quot;}\">\n\t\t\t<div class=\"elementor-widget-wrap elementor-element-populated\">\n\t\t\t\t\t\t<div class=\"elementor-element elementor-element-9b10de elementor-widget elementor-widget-heading\" data-id=\"9b10de\" data-element_type=\"widget\" data-widget_type=\"heading.default\">\n\t\t\t\t<div class=\"elementor-widget-container\">\n\t\t\t<h2 class=\"elementor-heading-title elementor-size-default\">Informaci\u00f3n<\/h2>\t\t<\/div>\n\t\t\t\t<\/div>\n\t\t\t\t<div class=\"elementor-element elementor-element-2d96f73a elementor-grid-eael-col-3 elementor-grid-tablet-eael-col-2 elementor-grid-mobile-eael-col-1 elementor-widget elementor-widget-eael-post-grid\" data-id=\"2d96f73a\" data-element_type=\"widget\" data-settings=\"{&quot;eael_post_grid_columns&quot;:&quot;eael-col-3&quot;,&quot;eael_post_grid_columns_tablet&quot;:&quot;eael-col-2&quot;,&quot;eael_post_grid_columns_mobile&quot;:&quot;eael-col-1&quot;}\" data-widget_type=\"eael-post-grid.default\">\n\t\t\t\t<div class=\"elementor-widget-container\">\n\t\t\t<div id=\"eael-post-grid-2d96f73a\" class=\"eael-post-grid-container\">\n            <div class=\"eael-post-grid eael-post-appender eael-post-appender-2d96f73a eael-post-grid-style-two\" data-layout-mode=\"masonry\"><article class=\"eael-grid-post eael-post-grid-column\" data-id=\"1515\">\n        <div class=\"eael-grid-post-holder\">\n            <div class=\"eael-grid-post-holder-inner\"><div class=\"eael-entry-wrapper\"><header class=\"eael-entry-header\"><h5 class=\"eael-entry-title\"><a\n                                    class=\"eael-grid-post-link\"\n                                    href=\"https:\/\/terapia-ocupacional.org.ar\/?p=1515\"\n                                    title=\"RESIDENCIAS EN TO ESPEC\u00cdFICAS E INTERDISCIPLINARIAS\"target=\"_blank\">RESIDENCIAS EN TO ESPEC\u00cdFICAS E INTERDISCIPLINARIAS<\/a><\/h5><\/header><div class=\"eael-entry-content\">\n                                    <div class=\"eael-grid-post-excerpt\"><p><\/p><a\n                                        href=\"https:\/\/terapia-ocupacional.org.ar\/?p=1515\"\n                                        class=\"eael-post-elements-readmore-btn\"target=\"_blank\">Leer m\u00e1s<\/a><\/div>\n                                <\/div><div class=\"eael-entry-header-after style-two\"><div class=\"eael-entry-meta\"><span class=\"eael-meta-posted-on\"><i class=\"far fa-clock\"><\/i><time datetime=\"octubre 29, 2020\">octubre 29, 2020<\/time><\/span><\/div><\/div><\/div><\/div>\n        <\/div>\n    <\/article><\/div>\n            <div class=\"clearfix\"><\/div>\n        <\/div>\t\t<\/div>\n\t\t\t\t<\/div>\n\t\t\t\t\t<\/div>\n\t\t<\/div>\n\t\t\t\t\t<\/div>\n\t\t<\/section>\n\t\t\t\t<\/div>\n\t\t","protected":false},"excerpt":{"rendered":"<p>Universidades La Carrera de Licenciatura de Terapia Ocupacional es una carrera de grado universitario que se dicta en universidades nacionales de gesti\u00f3n estatal y privada en las siguientes unidades acad\u00e9micas: \u00a0Universidades de gesti\u00f3n estatal: 1. Universidad de Buenos Aires (UBA)- Facultad de Psicolog\u00eda- Sede Mart\u00ednez \u2013 Prov. Buenos Aires. Coordinadora Lic. TO Mar\u00eda Laura Bustingorri. &hellip;<\/p>\n<p class=\"read-more\"> <a class=\"\" href=\"https:\/\/terapia-ocupacional.org.ar\/?p=1515\"> <span class=\"screen-reader-text\">RESIDENCIAS EN TO ESPEC\u00cdFICAS E INTERDISCIPLINARIAS<\/span> Leer m\u00e1s &raquo;<\/a><\/p>\n","protected":false},"author":18,"featured_media":0,"parent":0,"menu_order":0,"comment_status":"closed","ping_status":"closed","template":"","meta":{"_uag_custom_page_level_css":"","footnotes":""},"uagb_featured_image_src":{"full":false,"thumbnail":false,"medium":false,"medium_large":false,"large":false,"1536x1536":false,"2048x2048":false},"uagb_author_info":{"display_name":"","author_link":"https:\/\/terapia-ocupacional.org.ar\/?author=18"},"uagb_comment_info":0,"uagb_excerpt":"Universidades La Carrera de Licenciatura de Terapia Ocupacional es una carrera de grado universitario que se dicta en universidades nacionales de gesti\u00f3n estatal y privada en las siguientes unidades acad\u00e9micas: \u00a0Universidades de gesti\u00f3n estatal: 1. Universidad de Buenos Aires (UBA)- Facultad de Psicolog\u00eda- Sede Mart\u00ednez \u2013 Prov. Buenos Aires. Coordinadora Lic. TO Mar\u00eda Laura Bustingorri.&hellip;","_links":{"self":[{"href":"https:\/\/terapia-ocupacional.org.ar\/index.php?rest_route=\/wp\/v2\/pages\/1107"}],"collection":[{"href":"https:\/\/terapia-ocupacional.org.ar\/index.php?rest_route=\/wp\/v2\/pages"}],"about":[{"href":"https:\/\/terapia-ocupacional.org.ar\/index.php?rest_route=\/wp\/v2\/types\/page"}],"author":[{"embeddable":true,"href":"https:\/\/terapia-ocupacional.org.ar\/index.php?rest_route=\/wp\/v2\/users\/18"}],"replies":[{"embeddable":true,"href":"https:\/\/terapia-ocupacional.org.ar\/index.php?rest_route=%2Fwp%2Fv2%2Fcomments&post=1107"}],"version-history":[{"count":20,"href":"https:\/\/terapia-ocupacional.org.ar\/index.php?rest_route=\/wp\/v2\/pages\/1107\/revisions"}],"predecessor-version":[{"id":2732,"href":"https:\/\/terapia-ocupacional.org.ar\/index.php?rest_route=\/wp\/v2\/pages\/1107\/revisions\/2732"}],"wp:attachment":[{"href":"https:\/\/terapia-ocupacional.org.ar\/index.php?rest_route=%2Fwp%2Fv2%2Fmedia&parent=1107"}],"curies":[{"name":"wp","href":"https:\/\/api.w.org\/{rel}","templated":true}]}}